{"id":49945,"date":"2025-03-04T11:27:06","date_gmt":"2025-03-04T10:27:06","guid":{"rendered":"https:\/\/www.lavillette.com\/?post_type=manifestations&#038;p=49945"},"modified":"2025-07-15T10:37:14","modified_gmt":"2025-07-15T08:37:14","slug":"into-the-light","status":"publish","type":"manifestations","link":"https:\/\/www.lavillette.com\/en\/manifestations\/into-the-light\/","title":{"rendered":"Into The Light"},"content":{"rendered":"","protected":false},"featured_media":52654,"template":"","nature-manif":[],"programmation":[2649],"saison":[2521],"manif-type":[2510],"class_list":["post-49945","manifestations","type-manifestations","status-publish","has-post-thumbnail","hentry","programmation-la-villette","saison-24-en","manif-type-exhibition"],"acf":[],"yoast_head":"<!-- This site is optimized with the Yoast SEO plugin v27.2 - https:\/\/yoast.com\/product\/yoast-seo-wordpress\/ -->\n<title>Into The Light - La Villette<\/title>\n<meta name=\"description\" content=\"Into The Light, a luminous and immersive exhibition at the heart of the Grande Halle de La Villette, from April 9 to August 31, 2025.\" \/>\n<meta name=\"robots\" content=\"index, follow, max-snippet:-1, max-image-preview:large, max-video-preview:-1\" \/>\n<link rel=\"canonical\" href=\"https:\/\/www.lavillette.com\/en\/manifestations\/into-the-light\/\" \/>\n<meta property=\"og:locale\" content=\"en_US\" \/>\n<meta property=\"og:type\" content=\"article\" \/>\n<meta property=\"og:title\" content=\"Into The Light - La Villette\" \/>\n<meta property=\"og:description\" content=\"Into The Light, a luminous and immersive exhibition at the heart of the Grande Halle de La Villette, from April 9 to August 31, 2025.\" \/>\n<meta property=\"og:url\" content=\"https:\/\/www.lavillette.com\/en\/manifestations\/into-the-light\/\" \/>\n<meta property=\"og:site_name\" content=\"La Villette\" \/>\n<meta property=\"article:modified_time\" content=\"2025-07-15T08:37:14+00:00\" \/>\n<meta property=\"og:image\" content=\"https:\/\/www.lavillette.com\/wp-content\/uploads\/2025\/03\/ITL-vernissage_Photographe_Quent-1-scaled.jpg\" \/>\n\t<meta property=\"og:image:width\" content=\"2048\" \/>\n\t<meta property=\"og:image:height\" content=\"1366\" \/>\n\t<meta property=\"og:image:type\" content=\"image\/jpeg\" \/>\n<meta name=\"twitter:card\" content=\"summary_large_image\" \/>\n<meta name=\"twitter:label1\" content=\"Est. reading time\" \/>\n\t<meta name=\"twitter:data1\" content=\"1 minute\" \/>\n<script type=\"application\/ld+json\" class=\"yoast-schema-graph\">{\"@context\":\"https:\/\/schema.org\",\"@graph\":[{\"@type\":\"WebPage\",\"@id\":\"https:\/\/www.lavillette.com\/en\/manifestations\/into-the-light\/\",\"url\":\"https:\/\/www.lavillette.com\/en\/manifestations\/into-the-light\/\",\"name\":\"Into The Light - La Villette\",\"isPartOf\":{\"@id\":\"https:\/\/www.lavillette.com\/en\/#website\"},\"primaryImageOfPage\":{\"@id\":\"https:\/\/www.lavillette.com\/en\/manifestations\/into-the-light\/#primaryimage\"},\"image\":{\"@id\":\"https:\/\/www.lavillette.com\/en\/manifestations\/into-the-light\/#primaryimage\"},\"thumbnailUrl\":\"https:\/\/www.lavillette.com\/wp-content\/uploads\/2025\/03\/ITL-vernissage_Photographe_Quent-1-scaled.jpg\",\"datePublished\":\"2025-03-04T10:27:06+00:00\",\"dateModified\":\"2025-07-15T08:37:14+00:00\",\"description\":\"Into The Light, a luminous and immersive exhibition at the heart of the Grande Halle de La Villette, from April 9 to August 31, 2025.\",\"inLanguage\":\"en-US\",\"potentialAction\":[{\"@type\":\"ReadAction\",\"target\":[\"https:\/\/www.lavillette.com\/en\/manifestations\/into-the-light\/\"]}]},{\"@type\":\"ImageObject\",\"inLanguage\":\"en-US\",\"@id\":\"https:\/\/www.lavillette.com\/en\/manifestations\/into-the-light\/#primaryimage\",\"url\":\"https:\/\/www.lavillette.com\/wp-content\/uploads\/2025\/03\/ITL-vernissage_Photographe_Quent-1-scaled.jpg\",\"contentUrl\":\"https:\/\/www.lavillette.com\/wp-content\/uploads\/2025\/03\/ITL-vernissage_Photographe_Quent-1-scaled.jpg\",\"width\":2048,\"height\":1366,\"caption\":\"Personnes allong\u00e9es au sol contemplant une oeuvre lumineuse faite de n\u00e9ons bleus qui forment des triangles et des formes g\u00e9ometriques\"},{\"@type\":\"WebSite\",\"@id\":\"https:\/\/www.lavillette.com\/en\/#website\",\"url\":\"https:\/\/www.lavillette.com\/en\/\",\"name\":\"La Villette\",\"description\":\"\",\"publisher\":{\"@id\":\"https:\/\/www.lavillette.com\/en\/#organization\"},\"potentialAction\":[{\"@type\":\"SearchAction\",\"target\":{\"@type\":\"EntryPoint\",\"urlTemplate\":\"https:\/\/www.lavillette.com\/en\/?s={search_term_string}\"},\"query-input\":{\"@type\":\"PropertyValueSpecification\",\"valueRequired\":true,\"valueName\":\"search_term_string\"}}],\"inLanguage\":\"en-US\"},{\"@type\":\"Organization\",\"@id\":\"https:\/\/www.lavillette.com\/en\/#organization\",\"name\":\"La Villette\",\"url\":\"https:\/\/www.lavillette.com\/en\/\",\"logo\":{\"@type\":\"ImageObject\",\"inLanguage\":\"en-US\",\"@id\":\"https:\/\/www.lavillette.com\/en\/#\/schema\/logo\/image\/\",\"url\":\"https:\/\/www.lavillette.com\/wp-content\/uploads\/2023\/12\/LOGO2015VILLETTENOIR-1.png\",\"contentUrl\":\"https:\/\/www.lavillette.com\/wp-content\/uploads\/2023\/12\/LOGO2015VILLETTENOIR-1.png\",\"width\":190,\"height\":84,\"caption\":\"La Villette\"},\"image\":{\"@id\":\"https:\/\/www.lavillette.com\/en\/#\/schema\/logo\/image\/\"}}]}<\/script>\n<!-- \/ Yoast SEO plugin. -->","yoast_head_json":{"title":"Into The Light - La Villette","description":"Into The Light, a luminous and immersive exhibition at the heart of the Grande Halle de La Villette, from April 9 to August 31, 2025.","robots":{"index":"index","follow":"follow","max-snippet":"max-snippet:-1","max-image-preview":"max-image-preview:large","max-video-preview":"max-video-preview:-1"},"canonical":"https:\/\/www.lavillette.com\/en\/manifestations\/into-the-light\/","og_locale":"en_US","og_type":"article","og_title":"Into The Light - La Villette","og_description":"Into The Light, a luminous and immersive exhibition at the heart of the Grande Halle de La Villette, from April 9 to August 31, 2025.","og_url":"https:\/\/www.lavillette.com\/en\/manifestations\/into-the-light\/","og_site_name":"La Villette","article_modified_time":"2025-07-15T08:37:14+00:00","og_image":[{"width":2048,"height":1366,"url":"https:\/\/www.lavillette.com\/wp-content\/uploads\/2025\/03\/ITL-vernissage_Photographe_Quent-1-scaled.jpg","type":"image\/jpeg"}],"twitter_card":"summary_large_image","twitter_misc":{"Est. reading time":"1 minute"},"schema":{"@context":"https:\/\/schema.org","@graph":[{"@type":"WebPage","@id":"https:\/\/www.lavillette.com\/en\/manifestations\/into-the-light\/","url":"https:\/\/www.lavillette.com\/en\/manifestations\/into-the-light\/","name":"Into The Light - La Villette","isPartOf":{"@id":"https:\/\/www.lavillette.com\/en\/#website"},"primaryImageOfPage":{"@id":"https:\/\/www.lavillette.com\/en\/manifestations\/into-the-light\/#primaryimage"},"image":{"@id":"https:\/\/www.lavillette.com\/en\/manifestations\/into-the-light\/#primaryimage"},"thumbnailUrl":"https:\/\/www.lavillette.com\/wp-content\/uploads\/2025\/03\/ITL-vernissage_Photographe_Quent-1-scaled.jpg","datePublished":"2025-03-04T10:27:06+00:00","dateModified":"2025-07-15T08:37:14+00:00","description":"Into The Light, a luminous and immersive exhibition at the heart of the Grande Halle de La Villette, from April 9 to August 31, 2025.","inLanguage":"en-US","potentialAction":[{"@type":"ReadAction","target":["https:\/\/www.lavillette.com\/en\/manifestations\/into-the-light\/"]}]},{"@type":"ImageObject","inLanguage":"en-US","@id":"https:\/\/www.lavillette.com\/en\/manifestations\/into-the-light\/#primaryimage","url":"https:\/\/www.lavillette.com\/wp-content\/uploads\/2025\/03\/ITL-vernissage_Photographe_Quent-1-scaled.jpg","contentUrl":"https:\/\/www.lavillette.com\/wp-content\/uploads\/2025\/03\/ITL-vernissage_Photographe_Quent-1-scaled.jpg","width":2048,"height":1366,"caption":"Personnes allong\u00e9es au sol contemplant une oeuvre lumineuse faite de n\u00e9ons bleus qui forment des triangles et des formes g\u00e9ometriques"},{"@type":"WebSite","@id":"https:\/\/www.lavillette.com\/en\/#website","url":"https:\/\/www.lavillette.com\/en\/","name":"La Villette","description":"","publisher":{"@id":"https:\/\/www.lavillette.com\/en\/#organization"},"potentialAction":[{"@type":"SearchAction","target":{"@type":"EntryPoint","urlTemplate":"https:\/\/www.lavillette.com\/en\/?s={search_term_string}"},"query-input":{"@type":"PropertyValueSpecification","valueRequired":true,"valueName":"search_term_string"}}],"inLanguage":"en-US"},{"@type":"Organization","@id":"https:\/\/www.lavillette.com\/en\/#organization","name":"La Villette","url":"https:\/\/www.lavillette.com\/en\/","logo":{"@type":"ImageObject","inLanguage":"en-US","@id":"https:\/\/www.lavillette.com\/en\/#\/schema\/logo\/image\/","url":"https:\/\/www.lavillette.com\/wp-content\/uploads\/2023\/12\/LOGO2015VILLETTENOIR-1.png","contentUrl":"https:\/\/www.lavillette.com\/wp-content\/uploads\/2023\/12\/LOGO2015VILLETTENOIR-1.png","width":190,"height":84,"caption":"La Villette"},"image":{"@id":"https:\/\/www.lavillette.com\/en\/#\/schema\/logo\/image\/"}}]}},"_links":{"self":[{"href":"https:\/\/www.lavillette.com\/en\/wp-json\/wp\/v2\/manifestations\/49945","targetHints":{"allow":["GET"]}}],"collection":[{"href":"https:\/\/www.lavillette.com\/en\/wp-json\/wp\/v2\/manifestations"}],"about":[{"href":"https:\/\/www.lavillette.com\/en\/wp-json\/wp\/v2\/types\/manifestations"}],"wp:featuredmedia":[{"embeddable":true,"href":"https:\/\/www.lavillette.com\/en\/wp-json\/wp\/v2\/media\/52654"}],"wp:attachment":[{"href":"https:\/\/www.lavillette.com\/en\/wp-json\/wp\/v2\/media?parent=49945"}],"wp:term":[{"taxonomy":"nature-manif","embeddable":true,"href":"https:\/\/www.lavillette.com\/en\/wp-json\/wp\/v2\/nature-manif?post=49945"},{"taxonomy":"programmation","embeddable":true,"href":"https:\/\/www.lavillette.com\/en\/wp-json\/wp\/v2\/programmation?post=49945"},{"taxonomy":"saison","embeddable":true,"href":"https:\/\/www.lavillette.com\/en\/wp-json\/wp\/v2\/saison?post=49945"},{"taxonomy":"manif-type","embeddable":true,"href":"https:\/\/www.lavillette.com\/en\/wp-json\/wp\/v2\/manif-type?post=49945"}],"curies":[{"name":"wp","href":"https:\/\/api.w.org\/{rel}","templated":true}]}}

<!-- This site is optimized with the Yoast SEO plugin v27.2 - https://yoast.com/product/yoast-seo-wordpress/ -->
<title>Into The Light - La Villette</title>
<meta name="description" content="Into The Light, a luminous and immersive exhibition at the heart of the Grande Halle de La Villette, from April 9 to August 31, 2025." />
<meta name="robots" content="index, follow, max-snippet:-1, max-image-preview:large, max-video-preview:-1" />
<link rel="canonical" href="https://www.lavillette.com/en/manifestations/into-the-light/" />
<meta property="og:locale" content="en_US" />
<meta property="og:type" content="article" />
<meta property="og:title" content="Into The Light - La Villette" />
<meta property="og:description" content="Into The Light, a luminous and immersive exhibition at the heart of the Grande Halle de La Villette, from April 9 to August 31, 2025." />
<meta property="og:url" content="https://www.lavillette.com/en/manifestations/into-the-light/" />
<meta property="og:site_name" content="La Villette" />
<meta property="article:modified_time" content="2025-07-15T08:37:14+00:00" />
<meta property="og:image" content="https://www.lavillette.com/wp-content/uploads/2025/03/ITL-vernissage_Photographe_Quent-1-scaled.jpg" />
	<meta property="og:image:width" content="2048" />
	<meta property="og:image:height" content="1366" />
	<meta property="og:image:type" content="image/jpeg" />
<meta name="twitter:card" content="summary_large_image" />
<meta name="twitter:label1" content="Est. reading time" />
	<meta name="twitter:data1" content="1 minute" />
<script type="application/ld+json" class="yoast-schema-graph">{"@context":"https://schema.org","@graph":[{"@type":"WebPage","@id":"https://www.lavillette.com/en/manifestations/into-the-light/","url":"https://www.lavillette.com/en/manifestations/into-the-light/","name":"Into The Light - La Villette","isPartOf":{"@id":"https://www.lavillette.com/en/#website"},"primaryImageOfPage":{"@id":"https://www.lavillette.com/en/manifestations/into-the-light/#primaryimage"},"image":{"@id":"https://www.lavillette.com/en/manifestations/into-the-light/#primaryimage"},"thumbnailUrl":"https://www.lavillette.com/wp-content/uploads/2025/03/ITL-vernissage_Photographe_Quent-1-scaled.jpg","datePublished":"2025-03-04T10:27:06+00:00","dateModified":"2025-07-15T08:37:14+00:00","description":"Into The Light, a luminous and immersive exhibition at the heart of the Grande Halle de La Villette, from April 9 to August 31, 2025.","inLanguage":"en-US","potentialAction":[{"@type":"ReadAction","target":["https://www.lavillette.com/en/manifestations/into-the-light/"]}]},{"@type":"ImageObject","inLanguage":"en-US","@id":"https://www.lavillette.com/en/manifestations/into-the-light/#primaryimage","url":"https://www.lavillette.com/wp-content/uploads/2025/03/ITL-vernissage_Photographe_Quent-1-scaled.jpg","contentUrl":"https://www.lavillette.com/wp-content/uploads/2025/03/ITL-vernissage_Photographe_Quent-1-scaled.jpg","width":2048,"height":1366,"caption":"Personnes allongées au sol contemplant une oeuvre lumineuse faite de néons bleus qui forment des triangles et des formes géometriques"},{"@type":"WebSite","@id":"https://www.lavillette.com/en/#website","url":"https://www.lavillette.com/en/","name":"La Villette","description":"","publisher":{"@id":"https://www.lavillette.com/en/#organization"},"potentialAction":[{"@type":"SearchAction","target":{"@type":"EntryPoint","urlTemplate":"https://www.lavillette.com/en/?s={search_term_string}"},"query-input":{"@type":"PropertyValueSpecification","valueRequired":true,"valueName":"search_term_string"}}],"inLanguage":"en-US"},{"@type":"Organization","@id":"https://www.lavillette.com/en/#organization","name":"La Villette","url":"https://www.lavillette.com/en/","logo":{"@type":"ImageObject","inLanguage":"en-US","@id":"https://www.lavillette.com/en/#/schema/logo/image/","url":"https://www.lavillette.com/wp-content/uploads/2023/12/LOGO2015VILLETTENOIR-1.png","contentUrl":"https://www.lavillette.com/wp-content/uploads/2023/12/LOGO2015VILLETTENOIR-1.png","width":190,"height":84,"caption":"La Villette"},"image":{"@id":"https://www.lavillette.com/en/#/schema/logo/image/"}}]}</script>
<!-- / Yoast SEO plugin. -->

Personnes allongées au sol contemplant une oeuvre lumineuse faite de néons bleus qui forment des triangles et des formes géometriques
