{"id":63112,"date":"2025-10-28T17:55:22","date_gmt":"2025-10-28T16:55:22","guid":{"rendered":"https:\/\/www.lavillette.com\/?post_type=manifestations&#038;p=63112"},"modified":"2025-12-18T16:29:40","modified_gmt":"2025-12-18T15:29:40","slug":"noel-la-villette-25-26","status":"publish","type":"manifestations","link":"https:\/\/www.lavillette.com\/en\/manifestations\/noel-la-villette-25-26\/","title":{"rendered":"NO\u00cbL LA VILLETTE | 25\/26"},"content":{"rendered":"<a href=\"https:\/\/www.noel-la-villette.fr\/\" class=\"\" target=\"blank\" rel=\"noopener\">\r\n    <button >\r\n        <span>DISCOVER THE PROGRAM<\/span>\r\n\r\n                    <svg width=\"26\" height=\"26\" viewBox=\"0 0 26 26\" xmlns=\"http:\/\/www.w3.org\/2000\/svg\">\r\n                <path d=\"M13 4.33L11.5 5.9L17.5 12H4.33V14H17.5L11.5 20.14L13 21.66L21.66 13L13 4.33Z\"><\/path>\r\n            <\/svg>\r\n            <\/button>\r\n<\/a>","protected":false},"featured_media":64727,"template":"","nature-manif":[2474],"programmation":[2649,2650],"saison":[2602],"manif-type":[2585],"class_list":["post-63112","manifestations","type-manifestations","status-publish","has-post-thumbnail","hentry","nature-manif-jeune","programmation-la-villette","programmation-little-villette","saison-25-en","manif-type-event"],"acf":[],"yoast_head":"<!-- This site is optimized with the Yoast SEO plugin v27.2 - https:\/\/yoast.com\/product\/yoast-seo-wordpress\/ -->\n<title>NO\u00cbL LA VILLETTE | 25\/26 - La Villette 2025<\/title>\n<meta name=\"description\" content=\"La Villette is hosting a Christmas Village on the Place de la Fontaine-aux-Lions, from November 20 to December 28, 2025!\" \/>\n<meta name=\"robots\" content=\"index, follow, max-snippet:-1, max-image-preview:large, max-video-preview:-1\" \/>\n<link rel=\"canonical\" href=\"https:\/\/www.lavillette.com\/en\/manifestations\/noel-la-villette-25-26\/\" \/>\n<meta property=\"og:locale\" content=\"en_US\" \/>\n<meta property=\"og:type\" content=\"article\" \/>\n<meta property=\"og:title\" content=\"NO\u00cbL LA VILLETTE | 25\/26 - La Villette 2025\" \/>\n<meta property=\"og:description\" content=\"La Villette is hosting a Christmas Village on the Place de la Fontaine-aux-Lions, from November 20 to December 28, 2025!\" \/>\n<meta property=\"og:url\" content=\"https:\/\/www.lavillette.com\/en\/manifestations\/noel-la-villette-25-26\/\" \/>\n<meta property=\"og:site_name\" content=\"La Villette\" \/>\n<meta property=\"article:modified_time\" content=\"2025-12-18T15:29:40+00:00\" \/>\n<meta property=\"og:image\" content=\"https:\/\/www.lavillette.com\/wp-content\/uploads\/2025\/10\/FEVER-Noel-Villette-20251120-Photos-Edit-11-scaled.jpg\" \/>\n\t<meta property=\"og:image:width\" content=\"2048\" \/>\n\t<meta property=\"og:image:height\" content=\"1368\" \/>\n\t<meta property=\"og:image:type\" content=\"image\/jpeg\" \/>\n<meta name=\"twitter:card\" content=\"summary_large_image\" \/>\n<meta name=\"twitter:label1\" content=\"Est. reading time\" \/>\n\t<meta name=\"twitter:data1\" content=\"1 minute\" \/>\n<script type=\"application\/ld+json\" class=\"yoast-schema-graph\">{\"@context\":\"https:\/\/schema.org\",\"@graph\":[{\"@type\":\"WebPage\",\"@id\":\"https:\/\/www.lavillette.com\/en\/manifestations\/noel-la-villette-25-26\/\",\"url\":\"https:\/\/www.lavillette.com\/en\/manifestations\/noel-la-villette-25-26\/\",\"name\":\"NO\u00cbL LA VILLETTE | 25\/26 - La Villette 2025\",\"isPartOf\":{\"@id\":\"https:\/\/www.lavillette.com\/en\/#website\"},\"primaryImageOfPage\":{\"@id\":\"https:\/\/www.lavillette.com\/en\/manifestations\/noel-la-villette-25-26\/#primaryimage\"},\"image\":{\"@id\":\"https:\/\/www.lavillette.com\/en\/manifestations\/noel-la-villette-25-26\/#primaryimage\"},\"thumbnailUrl\":\"https:\/\/www.lavillette.com\/wp-content\/uploads\/2025\/10\/FEVER-Noel-Villette-20251120-Photos-Edit-11-scaled.jpg\",\"datePublished\":\"2025-10-28T16:55:22+00:00\",\"dateModified\":\"2025-12-18T15:29:40+00:00\",\"description\":\"La Villette is hosting a Christmas Village on the Place de la Fontaine-aux-Lions, from November 20 to December 28, 2025!\",\"inLanguage\":\"en-US\",\"potentialAction\":[{\"@type\":\"ReadAction\",\"target\":[\"https:\/\/www.lavillette.com\/en\/manifestations\/noel-la-villette-25-26\/\"]}]},{\"@type\":\"ImageObject\",\"inLanguage\":\"en-US\",\"@id\":\"https:\/\/www.lavillette.com\/en\/manifestations\/noel-la-villette-25-26\/#primaryimage\",\"url\":\"https:\/\/www.lavillette.com\/wp-content\/uploads\/2025\/10\/FEVER-Noel-Villette-20251120-Photos-Edit-11-scaled.jpg\",\"contentUrl\":\"https:\/\/www.lavillette.com\/wp-content\/uploads\/2025\/10\/FEVER-Noel-Villette-20251120-Photos-Edit-11-scaled.jpg\",\"width\":2048,\"height\":1368,\"caption\":\"Stand de nourriture d\u00e9cor\u00e9 pour No\u00ebl, avec une vendeuse servant deux visiteurs au march\u00e9 de Noel de La Villette.\"},{\"@type\":\"WebSite\",\"@id\":\"https:\/\/www.lavillette.com\/en\/#website\",\"url\":\"https:\/\/www.lavillette.com\/en\/\",\"name\":\"La Villette\",\"description\":\"\",\"publisher\":{\"@id\":\"https:\/\/www.lavillette.com\/en\/#organization\"},\"potentialAction\":[{\"@type\":\"SearchAction\",\"target\":{\"@type\":\"EntryPoint\",\"urlTemplate\":\"https:\/\/www.lavillette.com\/en\/?s={search_term_string}\"},\"query-input\":{\"@type\":\"PropertyValueSpecification\",\"valueRequired\":true,\"valueName\":\"search_term_string\"}}],\"inLanguage\":\"en-US\"},{\"@type\":\"Organization\",\"@id\":\"https:\/\/www.lavillette.com\/en\/#organization\",\"name\":\"La Villette\",\"url\":\"https:\/\/www.lavillette.com\/en\/\",\"logo\":{\"@type\":\"ImageObject\",\"inLanguage\":\"en-US\",\"@id\":\"https:\/\/www.lavillette.com\/en\/#\/schema\/logo\/image\/\",\"url\":\"https:\/\/www.lavillette.com\/wp-content\/uploads\/2023\/12\/LOGO2015VILLETTENOIR-1.png\",\"contentUrl\":\"https:\/\/www.lavillette.com\/wp-content\/uploads\/2023\/12\/LOGO2015VILLETTENOIR-1.png\",\"width\":190,\"height\":84,\"caption\":\"La Villette\"},\"image\":{\"@id\":\"https:\/\/www.lavillette.com\/en\/#\/schema\/logo\/image\/\"}}]}<\/script>\n<!-- \/ Yoast SEO plugin. -->","yoast_head_json":{"title":"NO\u00cbL LA VILLETTE | 25\/26 - La Villette 2025","description":"La Villette is hosting a Christmas Village on the Place de la Fontaine-aux-Lions, from November 20 to December 28, 2025!","robots":{"index":"index","follow":"follow","max-snippet":"max-snippet:-1","max-image-preview":"max-image-preview:large","max-video-preview":"max-video-preview:-1"},"canonical":"https:\/\/www.lavillette.com\/en\/manifestations\/noel-la-villette-25-26\/","og_locale":"en_US","og_type":"article","og_title":"NO\u00cbL LA VILLETTE | 25\/26 - La Villette 2025","og_description":"La Villette is hosting a Christmas Village on the Place de la Fontaine-aux-Lions, from November 20 to December 28, 2025!","og_url":"https:\/\/www.lavillette.com\/en\/manifestations\/noel-la-villette-25-26\/","og_site_name":"La Villette","article_modified_time":"2025-12-18T15:29:40+00:00","og_image":[{"width":2048,"height":1368,"url":"https:\/\/www.lavillette.com\/wp-content\/uploads\/2025\/10\/FEVER-Noel-Villette-20251120-Photos-Edit-11-scaled.jpg","type":"image\/jpeg"}],"twitter_card":"summary_large_image","twitter_misc":{"Est. reading time":"1 minute"},"schema":{"@context":"https:\/\/schema.org","@graph":[{"@type":"WebPage","@id":"https:\/\/www.lavillette.com\/en\/manifestations\/noel-la-villette-25-26\/","url":"https:\/\/www.lavillette.com\/en\/manifestations\/noel-la-villette-25-26\/","name":"NO\u00cbL LA VILLETTE | 25\/26 - La Villette 2025","isPartOf":{"@id":"https:\/\/www.lavillette.com\/en\/#website"},"primaryImageOfPage":{"@id":"https:\/\/www.lavillette.com\/en\/manifestations\/noel-la-villette-25-26\/#primaryimage"},"image":{"@id":"https:\/\/www.lavillette.com\/en\/manifestations\/noel-la-villette-25-26\/#primaryimage"},"thumbnailUrl":"https:\/\/www.lavillette.com\/wp-content\/uploads\/2025\/10\/FEVER-Noel-Villette-20251120-Photos-Edit-11-scaled.jpg","datePublished":"2025-10-28T16:55:22+00:00","dateModified":"2025-12-18T15:29:40+00:00","description":"La Villette is hosting a Christmas Village on the Place de la Fontaine-aux-Lions, from November 20 to December 28, 2025!","inLanguage":"en-US","potentialAction":[{"@type":"ReadAction","target":["https:\/\/www.lavillette.com\/en\/manifestations\/noel-la-villette-25-26\/"]}]},{"@type":"ImageObject","inLanguage":"en-US","@id":"https:\/\/www.lavillette.com\/en\/manifestations\/noel-la-villette-25-26\/#primaryimage","url":"https:\/\/www.lavillette.com\/wp-content\/uploads\/2025\/10\/FEVER-Noel-Villette-20251120-Photos-Edit-11-scaled.jpg","contentUrl":"https:\/\/www.lavillette.com\/wp-content\/uploads\/2025\/10\/FEVER-Noel-Villette-20251120-Photos-Edit-11-scaled.jpg","width":2048,"height":1368,"caption":"Stand de nourriture d\u00e9cor\u00e9 pour No\u00ebl, avec une vendeuse servant deux visiteurs au march\u00e9 de Noel de La Villette."},{"@type":"WebSite","@id":"https:\/\/www.lavillette.com\/en\/#website","url":"https:\/\/www.lavillette.com\/en\/","name":"La Villette","description":"","publisher":{"@id":"https:\/\/www.lavillette.com\/en\/#organization"},"potentialAction":[{"@type":"SearchAction","target":{"@type":"EntryPoint","urlTemplate":"https:\/\/www.lavillette.com\/en\/?s={search_term_string}"},"query-input":{"@type":"PropertyValueSpecification","valueRequired":true,"valueName":"search_term_string"}}],"inLanguage":"en-US"},{"@type":"Organization","@id":"https:\/\/www.lavillette.com\/en\/#organization","name":"La Villette","url":"https:\/\/www.lavillette.com\/en\/","logo":{"@type":"ImageObject","inLanguage":"en-US","@id":"https:\/\/www.lavillette.com\/en\/#\/schema\/logo\/image\/","url":"https:\/\/www.lavillette.com\/wp-content\/uploads\/2023\/12\/LOGO2015VILLETTENOIR-1.png","contentUrl":"https:\/\/www.lavillette.com\/wp-content\/uploads\/2023\/12\/LOGO2015VILLETTENOIR-1.png","width":190,"height":84,"caption":"La Villette"},"image":{"@id":"https:\/\/www.lavillette.com\/en\/#\/schema\/logo\/image\/"}}]}},"_links":{"self":[{"href":"https:\/\/www.lavillette.com\/en\/wp-json\/wp\/v2\/manifestations\/63112","targetHints":{"allow":["GET"]}}],"collection":[{"href":"https:\/\/www.lavillette.com\/en\/wp-json\/wp\/v2\/manifestations"}],"about":[{"href":"https:\/\/www.lavillette.com\/en\/wp-json\/wp\/v2\/types\/manifestations"}],"wp:featuredmedia":[{"embeddable":true,"href":"https:\/\/www.lavillette.com\/en\/wp-json\/wp\/v2\/media\/64727"}],"wp:attachment":[{"href":"https:\/\/www.lavillette.com\/en\/wp-json\/wp\/v2\/media?parent=63112"}],"wp:term":[{"taxonomy":"nature-manif","embeddable":true,"href":"https:\/\/www.lavillette.com\/en\/wp-json\/wp\/v2\/nature-manif?post=63112"},{"taxonomy":"programmation","embeddable":true,"href":"https:\/\/www.lavillette.com\/en\/wp-json\/wp\/v2\/programmation?post=63112"},{"taxonomy":"saison","embeddable":true,"href":"https:\/\/www.lavillette.com\/en\/wp-json\/wp\/v2\/saison?post=63112"},{"taxonomy":"manif-type","embeddable":true,"href":"https:\/\/www.lavillette.com\/en\/wp-json\/wp\/v2\/manif-type?post=63112"}],"curies":[{"name":"wp","href":"https:\/\/api.w.org\/{rel}","templated":true}]}}

NOËL LA VILLETTE | 25/26

<!-- This site is optimized with the Yoast SEO plugin v27.2 - https://yoast.com/product/yoast-seo-wordpress/ -->
<title>NOËL LA VILLETTE | 25/26 - La Villette 2025</title>
<meta name="description" content="La Villette is hosting a Christmas Village on the Place de la Fontaine-aux-Lions, from November 20 to December 28, 2025!" />
<meta name="robots" content="index, follow, max-snippet:-1, max-image-preview:large, max-video-preview:-1" />
<link rel="canonical" href="https://www.lavillette.com/en/manifestations/noel-la-villette-25-26/" />
<meta property="og:locale" content="en_US" />
<meta property="og:type" content="article" />
<meta property="og:title" content="NOËL LA VILLETTE | 25/26 - La Villette 2025" />
<meta property="og:description" content="La Villette is hosting a Christmas Village on the Place de la Fontaine-aux-Lions, from November 20 to December 28, 2025!" />
<meta property="og:url" content="https://www.lavillette.com/en/manifestations/noel-la-villette-25-26/" />
<meta property="og:site_name" content="La Villette" />
<meta property="article:modified_time" content="2025-12-18T15:29:40+00:00" />
<meta property="og:image" content="https://www.lavillette.com/wp-content/uploads/2025/10/FEVER-Noel-Villette-20251120-Photos-Edit-11-scaled.jpg" />
	<meta property="og:image:width" content="2048" />
	<meta property="og:image:height" content="1368" />
	<meta property="og:image:type" content="image/jpeg" />
<meta name="twitter:card" content="summary_large_image" />
<meta name="twitter:label1" content="Est. reading time" />
	<meta name="twitter:data1" content="1 minute" />
<script type="application/ld+json" class="yoast-schema-graph">{"@context":"https://schema.org","@graph":[{"@type":"WebPage","@id":"https://www.lavillette.com/en/manifestations/noel-la-villette-25-26/","url":"https://www.lavillette.com/en/manifestations/noel-la-villette-25-26/","name":"NOËL LA VILLETTE | 25/26 - La Villette 2025","isPartOf":{"@id":"https://www.lavillette.com/en/#website"},"primaryImageOfPage":{"@id":"https://www.lavillette.com/en/manifestations/noel-la-villette-25-26/#primaryimage"},"image":{"@id":"https://www.lavillette.com/en/manifestations/noel-la-villette-25-26/#primaryimage"},"thumbnailUrl":"https://www.lavillette.com/wp-content/uploads/2025/10/FEVER-Noel-Villette-20251120-Photos-Edit-11-scaled.jpg","datePublished":"2025-10-28T16:55:22+00:00","dateModified":"2025-12-18T15:29:40+00:00","description":"La Villette is hosting a Christmas Village on the Place de la Fontaine-aux-Lions, from November 20 to December 28, 2025!","inLanguage":"en-US","potentialAction":[{"@type":"ReadAction","target":["https://www.lavillette.com/en/manifestations/noel-la-villette-25-26/"]}]},{"@type":"ImageObject","inLanguage":"en-US","@id":"https://www.lavillette.com/en/manifestations/noel-la-villette-25-26/#primaryimage","url":"https://www.lavillette.com/wp-content/uploads/2025/10/FEVER-Noel-Villette-20251120-Photos-Edit-11-scaled.jpg","contentUrl":"https://www.lavillette.com/wp-content/uploads/2025/10/FEVER-Noel-Villette-20251120-Photos-Edit-11-scaled.jpg","width":2048,"height":1368,"caption":"Stand de nourriture décoré pour Noël, avec une vendeuse servant deux visiteurs au marché de Noel de La Villette."},{"@type":"WebSite","@id":"https://www.lavillette.com/en/#website","url":"https://www.lavillette.com/en/","name":"La Villette","description":"","publisher":{"@id":"https://www.lavillette.com/en/#organization"},"potentialAction":[{"@type":"SearchAction","target":{"@type":"EntryPoint","urlTemplate":"https://www.lavillette.com/en/?s={search_term_string}"},"query-input":{"@type":"PropertyValueSpecification","valueRequired":true,"valueName":"search_term_string"}}],"inLanguage":"en-US"},{"@type":"Organization","@id":"https://www.lavillette.com/en/#organization","name":"La Villette","url":"https://www.lavillette.com/en/","logo":{"@type":"ImageObject","inLanguage":"en-US","@id":"https://www.lavillette.com/en/#/schema/logo/image/","url":"https://www.lavillette.com/wp-content/uploads/2023/12/LOGO2015VILLETTENOIR-1.png","contentUrl":"https://www.lavillette.com/wp-content/uploads/2023/12/LOGO2015VILLETTENOIR-1.png","width":190,"height":84,"caption":"La Villette"},"image":{"@id":"https://www.lavillette.com/en/#/schema/logo/image/"}}]}</script>
<!-- / Yoast SEO plugin. -->

NOËL LA VILLETTE | 25/26 - La Villette 2025

Stand de nourriture décoré pour Noël, avec une vendeuse servant deux visiteurs au marché de Noel de La Villette.
