{"id":74698,"date":"2026-05-28T09:01:10","date_gmt":"2026-05-28T07:01:10","guid":{"rendered":"https:\/\/www.lavillette.com\/manifestations\/dimitri-chamblas-26-27\/"},"modified":"2026-09-01T16:35:24","modified_gmt":"2026-09-01T14:35:24","slug":"en-dimitri-chamblas-26-27","status":"publish","type":"manifestations","link":"https:\/\/www.lavillette.com\/en\/manifestations\/en-dimitri-chamblas-26-27\/","title":{"rendered":"EN &#8211; DIMITRI CHAMBLAS | 26\/27"},"content":{"rendered":"\n<div class=\"wp-block-columns is-layout-flex wp-container-core-columns-is-layout-8f761849 wp-block-columns-is-layout-flex\">\n<div class=\"wp-block-column is-layout-flow wp-block-column-is-layout-flow\" style=\"flex-basis:100%\">\n<div class=\"wp-block-columns is-layout-flex wp-container-core-columns-is-layout-8f761849 wp-block-columns-is-layout-flex\">\n<div class=\"wp-block-column is-layout-flow wp-block-column-is-layout-flow\" style=\"flex-basis:100%\"><section class=\"custom-fond-colore fullwidth marge-l padding-r\"\r\n                      style=\"background-color: #6e9bc8; --text-color: #fff;\"\r\n         >\r\n    <div class=\"column\">\r\n        \n\n<div class=\"wp-block-columns is-layout-flex wp-container-core-columns-is-layout-8f761849 wp-block-columns-is-layout-flex\">\n<div class=\"wp-block-column is-vertically-aligned-top is-layout-flow wp-block-column-is-layout-flow\" style=\"flex-basis:11%\"><div class=\"wp-block-image\">\n<figure class=\"aligncenter size-full is-resized\"><img decoding=\"async\" width=\"506\" height=\"402\" src=\"https:\/\/www.lavillette.com\/wp-content\/uploads\/2024\/04\/France-musique-1.png\" alt=\"France Musique\" class=\"wp-image-42385\" style=\"width:170px\" srcset=\"https:\/\/www.lavillette.com\/wp-content\/uploads\/2024\/04\/France-musique-1.png 506w, https:\/\/www.lavillette.com\/wp-content\/uploads\/2024\/04\/France-musique-1-300x238.png 300w\" sizes=\"(max-width: 506px) 100vw, 506px\" \/><figcaption class=\"wp-element-caption\">Le Beau Bizarre<\/figcaption><\/figure>\n<\/div><\/div>\n\n\n\n<div class=\"wp-block-column is-layout-flow wp-block-column-is-layout-flow\" style=\"flex-basis:55%\"><div style=\"height:20px;min-height:20px\" aria-hidden=\"true\" class=\"wp-block-spacer\"><\/div>\n\n\n<p class=\"has-white-color has-text-color has-link-color wp-elements-22b7089fa5e9fcee539d70e72b0245cd wp-block-paragraph\">Dimitri Chamblas et Marion Barbeau \u00e9taient les invit\u00e9s d\u2019Hippolyte P\u00e9r\u00e8s dans l\u2019\u00e9mission <em>Au c\u0153ur du ballet<\/em>, diffus\u00e9e sur France Musique.<\/p>\n\n\n<a href=\"https:\/\/www.radiofrance.fr\/francemusique\/podcasts\/au-coeur-du-ballet\/dimitri-chamblas-et-marion-barbeau-pour-le-spectalce-ulysse-marion-5618639\" class=\"btn white\" >\r\n    <span>\u00c0 (R\u00c9)\u00c9COUTER ICI<\/span>\r\n\r\n    <\/a><\/div>\n\n\n\n<div class=\"wp-block-column is-vertically-aligned-top is-layout-flow wp-block-column-is-layout-flow\" style=\"flex-basis:33%\"><\/div>\n<\/div>\n\n    <\/div>\r\n<\/section><\/div>\n<\/div>\n<\/div>\n<\/div>\n","protected":false},"featured_media":74699,"template":"","accessibilite":[],"nature-manif":[],"programmation":[2649],"public":[2679],"saison":[2600],"manif-type":[2596,2497],"class_list":["post-74698","manifestations","type-manifestations","status-publish","has-post-thumbnail","hentry","programmation-la-villette","public-general-audience","saison-26-en","manif-type-colleges-et-lycees-en","manif-type-danse-en"],"acf":[],"yoast_head":"<!-- This site is optimized with the Yoast SEO plugin v27.9 - https:\/\/yoast.com\/product\/yoast-seo-wordpress\/ -->\n<title>Dimitri Chamblas | 26\/27<\/title>\n<meta name=\"description\" content=\"In this face-to-face encounter with immensity, the bodies tell a story greater than themselves: that of dance as a living memory.\" \/>\n<meta name=\"robots\" content=\"index, follow, max-snippet:-1, max-image-preview:large, max-video-preview:-1\" \/>\n<link rel=\"canonical\" href=\"https:\/\/www.lavillette.com\/en\/manifestations\/en-dimitri-chamblas-26-27\/\" \/>\n<meta property=\"og:locale\" content=\"en_US\" \/>\n<meta property=\"og:type\" content=\"article\" \/>\n<meta property=\"og:title\" content=\"Dimitri Chamblas | 26\/27\" \/>\n<meta property=\"og:description\" content=\"In this face-to-face encounter with immensity, the bodies tell a story greater than themselves: that of dance as a living memory.\" \/>\n<meta property=\"og:url\" content=\"https:\/\/www.lavillette.com\/en\/manifestations\/en-dimitri-chamblas-26-27\/\" \/>\n<meta property=\"og:site_name\" content=\"La Villette\" \/>\n<meta property=\"article:modified_time\" content=\"2026-09-01T14:35:24+00:00\" \/>\n<meta property=\"og:image\" content=\"https:\/\/www.lavillette.com\/wp-content\/uploads\/2026\/05\/Ulysse-Marion-\u252c\u00aePierre-Aviat-scaled.jpg\" \/>\n\t<meta property=\"og:image:width\" content=\"2048\" \/>\n\t<meta property=\"og:image:height\" content=\"1981\" \/>\n\t<meta property=\"og:image:type\" content=\"image\/jpeg\" \/>\n<meta name=\"twitter:card\" content=\"summary_large_image\" \/>\n<meta name=\"twitter:label1\" content=\"Est. reading time\" \/>\n\t<meta name=\"twitter:data1\" content=\"1 minute\" \/>\n<script type=\"application\/ld+json\" class=\"yoast-schema-graph\">{\"@context\":\"https:\\\/\\\/schema.org\",\"@graph\":[{\"@type\":\"WebPage\",\"@id\":\"https:\\\/\\\/www.lavillette.com\\\/en\\\/manifestations\\\/en-dimitri-chamblas-26-27\\\/\",\"url\":\"https:\\\/\\\/www.lavillette.com\\\/en\\\/manifestations\\\/en-dimitri-chamblas-26-27\\\/\",\"name\":\"Dimitri Chamblas | 26\\\/27\",\"isPartOf\":{\"@id\":\"https:\\\/\\\/www.lavillette.com\\\/en\\\/#website\"},\"primaryImageOfPage\":{\"@id\":\"https:\\\/\\\/www.lavillette.com\\\/en\\\/manifestations\\\/en-dimitri-chamblas-26-27\\\/#primaryimage\"},\"image\":{\"@id\":\"https:\\\/\\\/www.lavillette.com\\\/en\\\/manifestations\\\/en-dimitri-chamblas-26-27\\\/#primaryimage\"},\"thumbnailUrl\":\"https:\\\/\\\/www.lavillette.com\\\/wp-content\\\/uploads\\\/2026\\\/05\\\/Ulysse-Marion-\u252c\u00aePierre-Aviat-scaled.jpg\",\"datePublished\":\"2026-05-28T07:01:10+00:00\",\"dateModified\":\"2026-09-01T14:35:24+00:00\",\"description\":\"In this face-to-face encounter with immensity, the bodies tell a story greater than themselves: that of dance as a living memory.\",\"inLanguage\":\"en-US\",\"potentialAction\":[{\"@type\":\"ReadAction\",\"target\":[\"https:\\\/\\\/www.lavillette.com\\\/en\\\/manifestations\\\/en-dimitri-chamblas-26-27\\\/\"]}]},{\"@type\":\"ImageObject\",\"inLanguage\":\"en-US\",\"@id\":\"https:\\\/\\\/www.lavillette.com\\\/en\\\/manifestations\\\/en-dimitri-chamblas-26-27\\\/#primaryimage\",\"url\":\"https:\\\/\\\/www.lavillette.com\\\/wp-content\\\/uploads\\\/2026\\\/05\\\/Ulysse-Marion-\u252c\u00aePierre-Aviat-scaled.jpg\",\"contentUrl\":\"https:\\\/\\\/www.lavillette.com\\\/wp-content\\\/uploads\\\/2026\\\/05\\\/Ulysse-Marion-\u252c\u00aePierre-Aviat-scaled.jpg\",\"width\":2048,\"height\":1981},{\"@type\":\"WebSite\",\"@id\":\"https:\\\/\\\/www.lavillette.com\\\/en\\\/#website\",\"url\":\"https:\\\/\\\/www.lavillette.com\\\/en\\\/\",\"name\":\"La Villette\",\"description\":\"\",\"publisher\":{\"@id\":\"https:\\\/\\\/www.lavillette.com\\\/en\\\/#organization\"},\"potentialAction\":[{\"@type\":\"SearchAction\",\"target\":{\"@type\":\"EntryPoint\",\"urlTemplate\":\"https:\\\/\\\/www.lavillette.com\\\/en\\\/?s={search_term_string}\"},\"query-input\":{\"@type\":\"PropertyValueSpecification\",\"valueRequired\":true,\"valueName\":\"search_term_string\"}}],\"inLanguage\":\"en-US\"},{\"@type\":\"Organization\",\"@id\":\"https:\\\/\\\/www.lavillette.com\\\/en\\\/#organization\",\"name\":\"La Villette\",\"url\":\"https:\\\/\\\/www.lavillette.com\\\/en\\\/\",\"logo\":{\"@type\":\"ImageObject\",\"inLanguage\":\"en-US\",\"@id\":\"https:\\\/\\\/www.lavillette.com\\\/en\\\/#\\\/schema\\\/logo\\\/image\\\/\",\"url\":\"https:\\\/\\\/www.lavillette.com\\\/wp-content\\\/uploads\\\/2023\\\/12\\\/LOGO2015VILLETTENOIR-1.png\",\"contentUrl\":\"https:\\\/\\\/www.lavillette.com\\\/wp-content\\\/uploads\\\/2023\\\/12\\\/LOGO2015VILLETTENOIR-1.png\",\"width\":190,\"height\":84,\"caption\":\"La Villette\"},\"image\":{\"@id\":\"https:\\\/\\\/www.lavillette.com\\\/en\\\/#\\\/schema\\\/logo\\\/image\\\/\"}}]}<\/script>\n<!-- \/ Yoast SEO plugin. -->","yoast_head_json":{"title":"Dimitri Chamblas | 26\/27","description":"In this face-to-face encounter with immensity, the bodies tell a story greater than themselves: that of dance as a living memory.","robots":{"index":"index","follow":"follow","max-snippet":"max-snippet:-1","max-image-preview":"max-image-preview:large","max-video-preview":"max-video-preview:-1"},"canonical":"https:\/\/www.lavillette.com\/en\/manifestations\/en-dimitri-chamblas-26-27\/","og_locale":"en_US","og_type":"article","og_title":"Dimitri Chamblas | 26\/27","og_description":"In this face-to-face encounter with immensity, the bodies tell a story greater than themselves: that of dance as a living memory.","og_url":"https:\/\/www.lavillette.com\/en\/manifestations\/en-dimitri-chamblas-26-27\/","og_site_name":"La Villette","article_modified_time":"2026-09-01T14:35:24+00:00","og_image":[{"width":2048,"height":1981,"url":"https:\/\/www.lavillette.com\/wp-content\/uploads\/2026\/05\/Ulysse-Marion-\u252c\u00aePierre-Aviat-scaled.jpg","type":"image\/jpeg"}],"twitter_card":"summary_large_image","twitter_misc":{"Est. reading time":"1 minute"},"schema":{"@context":"https:\/\/schema.org","@graph":[{"@type":"WebPage","@id":"https:\/\/www.lavillette.com\/en\/manifestations\/en-dimitri-chamblas-26-27\/","url":"https:\/\/www.lavillette.com\/en\/manifestations\/en-dimitri-chamblas-26-27\/","name":"Dimitri Chamblas | 26\/27","isPartOf":{"@id":"https:\/\/www.lavillette.com\/en\/#website"},"primaryImageOfPage":{"@id":"https:\/\/www.lavillette.com\/en\/manifestations\/en-dimitri-chamblas-26-27\/#primaryimage"},"image":{"@id":"https:\/\/www.lavillette.com\/en\/manifestations\/en-dimitri-chamblas-26-27\/#primaryimage"},"thumbnailUrl":"https:\/\/www.lavillette.com\/wp-content\/uploads\/2026\/05\/Ulysse-Marion-\u252c\u00aePierre-Aviat-scaled.jpg","datePublished":"2026-05-28T07:01:10+00:00","dateModified":"2026-09-01T14:35:24+00:00","description":"In this face-to-face encounter with immensity, the bodies tell a story greater than themselves: that of dance as a living memory.","inLanguage":"en-US","potentialAction":[{"@type":"ReadAction","target":["https:\/\/www.lavillette.com\/en\/manifestations\/en-dimitri-chamblas-26-27\/"]}]},{"@type":"ImageObject","inLanguage":"en-US","@id":"https:\/\/www.lavillette.com\/en\/manifestations\/en-dimitri-chamblas-26-27\/#primaryimage","url":"https:\/\/www.lavillette.com\/wp-content\/uploads\/2026\/05\/Ulysse-Marion-\u252c\u00aePierre-Aviat-scaled.jpg","contentUrl":"https:\/\/www.lavillette.com\/wp-content\/uploads\/2026\/05\/Ulysse-Marion-\u252c\u00aePierre-Aviat-scaled.jpg","width":2048,"height":1981},{"@type":"WebSite","@id":"https:\/\/www.lavillette.com\/en\/#website","url":"https:\/\/www.lavillette.com\/en\/","name":"La Villette","description":"","publisher":{"@id":"https:\/\/www.lavillette.com\/en\/#organization"},"potentialAction":[{"@type":"SearchAction","target":{"@type":"EntryPoint","urlTemplate":"https:\/\/www.lavillette.com\/en\/?s={search_term_string}"},"query-input":{"@type":"PropertyValueSpecification","valueRequired":true,"valueName":"search_term_string"}}],"inLanguage":"en-US"},{"@type":"Organization","@id":"https:\/\/www.lavillette.com\/en\/#organization","name":"La Villette","url":"https:\/\/www.lavillette.com\/en\/","logo":{"@type":"ImageObject","inLanguage":"en-US","@id":"https:\/\/www.lavillette.com\/en\/#\/schema\/logo\/image\/","url":"https:\/\/www.lavillette.com\/wp-content\/uploads\/2023\/12\/LOGO2015VILLETTENOIR-1.png","contentUrl":"https:\/\/www.lavillette.com\/wp-content\/uploads\/2023\/12\/LOGO2015VILLETTENOIR-1.png","width":190,"height":84,"caption":"La Villette"},"image":{"@id":"https:\/\/www.lavillette.com\/en\/#\/schema\/logo\/image\/"}}]}},"_links":{"self":[{"href":"https:\/\/www.lavillette.com\/en\/wp-json\/wp\/v2\/manifestations\/74698","targetHints":{"allow":["GET"]}}],"collection":[{"href":"https:\/\/www.lavillette.com\/en\/wp-json\/wp\/v2\/manifestations"}],"about":[{"href":"https:\/\/www.lavillette.com\/en\/wp-json\/wp\/v2\/types\/manifestations"}],"wp:featuredmedia":[{"embeddable":true,"href":"https:\/\/www.lavillette.com\/en\/wp-json\/wp\/v2\/media\/74699"}],"wp:attachment":[{"href":"https:\/\/www.lavillette.com\/en\/wp-json\/wp\/v2\/media?parent=74698"}],"wp:term":[{"taxonomy":"accessibilite","embeddable":true,"href":"https:\/\/www.lavillette.com\/en\/wp-json\/wp\/v2\/accessibilite?post=74698"},{"taxonomy":"nature-manif","embeddable":true,"href":"https:\/\/www.lavillette.com\/en\/wp-json\/wp\/v2\/nature-manif?post=74698"},{"taxonomy":"programmation","embeddable":true,"href":"https:\/\/www.lavillette.com\/en\/wp-json\/wp\/v2\/programmation?post=74698"},{"taxonomy":"public","embeddable":true,"href":"https:\/\/www.lavillette.com\/en\/wp-json\/wp\/v2\/public?post=74698"},{"taxonomy":"saison","embeddable":true,"href":"https:\/\/www.lavillette.com\/en\/wp-json\/wp\/v2\/saison?post=74698"},{"taxonomy":"manif-type","embeddable":true,"href":"https:\/\/www.lavillette.com\/en\/wp-json\/wp\/v2\/manif-type?post=74698"}],"curies":[{"name":"wp","href":"https:\/\/api.w.org\/{rel}","templated":true}]}}

<div class="wp-block-columns is-layout-flex wp-container-core-columns-is-layout-8f761849 wp-block-columns-is-layout-flex">
<div class="wp-block-column is-layout-flow wp-block-column-is-layout-flow" style="flex-basis:100%">
<div class="wp-block-columns is-layout-flex wp-container-core-columns-is-layout-8f761849 wp-block-columns-is-layout-flex">
<div class="wp-block-column is-layout-flow wp-block-column-is-layout-flow" style="flex-basis:100%"><section class="custom-fond-colore fullwidth marge-l padding-r"
                      style="background-color: #6e9bc8; --text-color: #fff;"
         >
    <div class="column">
        

<div class="wp-block-columns is-layout-flex wp-container-core-columns-is-layout-8f761849 wp-block-columns-is-layout-flex">
<div class="wp-block-column is-vertically-aligned-top is-layout-flow wp-block-column-is-layout-flow" style="flex-basis:11%"><div class="wp-block-image">
<figure class="aligncenter size-full is-resized"><img decoding="async" width="506" height="402" src="https://www.lavillette.com/wp-content/uploads/2024/04/France-musique-1.png" alt="France Musique" class="wp-image-42385" style="width:170px" srcset="https://www.lavillette.com/wp-content/uploads/2024/04/France-musique-1.png 506w, https://www.lavillette.com/wp-content/uploads/2024/04/France-musique-1-300x238.png 300w" sizes="(max-width: 506px) 100vw, 506px" /><figcaption class="wp-element-caption">Le Beau Bizarre</figcaption></figure>
</div></div>



<div class="wp-block-column is-layout-flow wp-block-column-is-layout-flow" style="flex-basis:55%"><div style="height:20px;min-height:20px" aria-hidden="true" class="wp-block-spacer"></div>


<p class="has-white-color has-text-color has-link-color wp-elements-22b7089fa5e9fcee539d70e72b0245cd wp-block-paragraph">Dimitri Chamblas et Marion Barbeau étaient les invités d’Hippolyte Pérès dans l’émission <em>Au cœur du ballet</em>, diffusée sur France Musique.</p>


<a href="https://www.radiofrance.fr/francemusique/podcasts/au-coeur-du-ballet/dimitri-chamblas-et-marion-barbeau-pour-le-spectalce-ulysse-marion-5618639" class="btn white" >
    <span>À (RÉ)ÉCOUTER ICI</span>

    </a></div>



<div class="wp-block-column is-vertically-aligned-top is-layout-flow wp-block-column-is-layout-flow" style="flex-basis:33%"></div>
</div>

    </div>
</section></div>
</div>
</div>
</div>
